 4*y + 16. Let i(x) = 5*m(x) - p(x). What is the units digit of i(7)?
4
Suppose u + 80 = 4*z + 2*u, 3*u + 45 = 3*z. Let p(b) = 9*b + 8*b + z + 22. What is the units digit of p(6)?
3
Suppose 2*n + 1944 = -d, -5*n + 3*d - 4860 = -d. Let g = -531 - n. What is the tens digit of g?
4
Let i(c) = c**2 - 7*c + 8. Let h be i(6). Suppose h*z - 27 = -z. Suppose 0 = -z*b + 1003 - 220. What is the tens digit of b?
8
Let w(h) = -443*h**3 + h**2 - h - 2. Let g be w(-1). Suppose 5*p - g + 18 = -2*t, -2*p = -5*t - 199. What is the tens digit of p?
8
Suppose 0 = -5*k + 15, -188*z - k = -185*z - 39411. What is the thousands digit of z?
3
What is the units digit of ((-9)/6 - -2)/((-9)/(-106182))?
9
Let j(b) = -1022*b - 210. Let z be j(-7). Suppose -3*i - z = -4*l + 2*i, 0 = l + i - 1736. What is the hundreds digit of l?
7
Let f(i) = 4*i - 123. Let p be f(32). Suppose 0 = r - p*k - 96 - 73, 652 = 4*r + 4*k. What is the tens digit of r?
6
Let w(g) = -42 + 2*g + 26 + 8*g - g**3 - 9*g**2 + 20. Let i be w(-10). Suppose -3*p - 3*h - 2*h + 226 = 0, -3*h = i*p - 305. What is the tens digit of p?
7
Let l(u) be the third derivative of u**6/60 - u**5/15 + u**4/4 + 14*u**3/3 - 53*u**2. What is the tens digit of l(6)?
5
Let d be 444/(-15) - (-24)/(-60). Let r(p) = -37*p + 57. What is the units digit of r(d)?
7
Let o(z) = -10*z + 7. Let c be o(-6). Suppose 168 + 28 = 2*i - 4*s, 0 = -3*i - 2*s + 270. Let t = i - c. What is the tens digit of t?
2
Suppose 0 = 3*f + 2*a + 537, 2*a = 7*a. Let h = f + 373. What is the units digit of h?
4
Suppose 171*g + 28 = 178*g. Suppose -s + g*m = -1245, -3670 = -36*s + 33*s - m. What is the units digit of s?
5
Suppose -3 = 2*u + 7. Suppose 23*t = 24*t - 32. Let a = t - u. What is the tens digit of a?
3
Suppose -2*d + 80 = 88. What is the tens digit of 2*(-6150)/(-12) - (1 - d)?
2
Let m(h) = 3*h**2 - 227*h + 176. What is the units digit of m(92)?
4
Let k(h) = -29*h + 35. Let z be k(8). Let q = z - -333. What is the tens digit of q?
3
Let u = -13 - -33. Let k(o) = o - 20. Let g be k(u). Suppose g = -0*v - 5*v + 305. What is the tens digit of v?
6
Let v(i) = 4*i - 39. Let h be v(9). What is the units digit of (h/2)/(5 - (-4473)/(-894))?
7
Let a(f) = -155*f - 315. Let b(p) = 51*p + 105. Let g(j) = -3*a(j) - 8*b(j). What is the units digit of g(2)?
9
Suppose 0 = 15*u - 10998 - 297. Suppose -x + u = 90. What is the units digit of x?
3
Suppose -4*s - 2*f = -3*s - 28, 2*s - 46 = -2*f. Let o(v) = -v**3 + 17*v**2 + 23*v + 14. What is the hundreds digit of o(s)?
1
Let a = 144 - 209. Suppose 4*s - 25 = -9. What is the tens digit of (-6)/(-4 - (s + -10)) - a?
6
Suppose 3*f = -13*r + 10*r + 735, 2*r = 10. Suppose 0 = -3*c + 78 + f. What is the hundreds digit of c?
1
Let h = -4022 - -8817. What is the thousands digit of h?
4
Suppose -11 = -r - 2*o, -4*r + 3*r - 3*o = -13. Suppose r*v = 12*v - 2380. What is the hundreds digit of v?
4
Let m be -8*(21/6)/(-7). Let q(i) = 2*i**3 + 10*i**2 - i. Let z(t) = t**3 + t**2 - t + 2. Let n(w) = q(w) - 3*z(w). What is the tens digit of n(m)?
5
What is the tens digit of 225/(-90)*210/(-3)?
7
Let n(w) = w**2 - 14*w - 18. Let f be n(15). What is the hundreds digit of (f/(-4))/(27/14724)?
4
Suppose 29*l = -17*l + 102873 + 164755. What is the tens digit of l?
1
Let y = -647 + 2129. What is the thousands digit of y?
1
Suppose -184 + 1 = v. Let t = v - -100. Let p = 193 + t. What is the hundreds digit of p?
1
Let i = -417 - -4997. What is the tens digit of i?
8
Suppose 4 = 3*g + s, 2 = 4*g + 11*s - 9*s. Suppose 2*a - 5*b - 225 = -0*a, 5*b - 300 = -g*a. What is the hundreds digit of a?
1
Let x(v) = -13*v - 53. Let s be x(-6). Suppose s*p + 10 = 27*p. What is the tens digit of (p/((-40)/388))/((-1)/2)?
9
Suppose 7*a - 8*a - 14 = 0. Let v be (-7)/2 + 2 + (-1379)/a. Let n = v - 77. What is the units digit of n?
0
Suppose 82 + 30 = -4*i. Let k be (-14)/i + 11/2. Let c = 22 - k. What is the units digit of c?
6
Let v be -5 + 5 - 4 - 4. What is the units digit of (-17130)/(-40) + v - 2/8?
0
Let z(t) = 8*t**3 - 6*t**2 + 6*t - 69. What is the tens digit of z(9)?
3
Let x(w) = -w**2 - 7*w + 10. Let g be x(-8). Let a(i) = -i + 6. Let q be a(g). Suppose -q*u = -k - 387, 5*u - 2*k = 245 + 238. What is the units digit of u?
7
Let u(g) = 17*g. Let k be u(1). Suppose 2*m = 2*n - k + 177, 0 = -5*m + 4*n + 403. Let c = m - -41. What is the tens digit of c?
2
What is the tens digit of ((-45)/(-3))/(-3) + (10 - (6 - 2489))?
8
Let b(v) = 15*v + 987. What is the tens digit of b(40)?
8
Let z be (-7)/(-3 + (-10)/(-4)). Let v be (8/z)/((-8)/(-84)). Let t(d) = d**2 - 2*d + 2. What is the units digit of t(v)?
6
Suppose 77*q + z = 75*q + 71448, -4*q + 142902 = 5*z. What is the thousands digit of q?
5
Let g(o) = -4*o**3 - 4*o**2 - o - 6. Suppose 0 = 14*i - 10*i - 60. Suppose 8*s - 3*s = -i. What is the units digit of g(s)?
9
What is the units digit of (-24)/(-9)*(-222960)/(-320)?
8
Let u(l) = 9*l**2 - 107*l - 482. What is the ten thousands digit of u(55)?
2
Suppose 77 = 2*s + 237. Let k = s + 83. Suppose -4*i + 493 = -k*x, i + 246 = 3*i - 2*x. What is the tens digit of i?
2
Let w be (-2)/(24/(-1011))*4. Let b = -191 + w. What is the tens digit of b?
4
Let s = 125931 + -69286. What is the ten thousands digit of s?
5
Suppose -62 = -4*f + 3*k, 5*f + 7*k - 60 = 2*k. Let p(h) = 101*h**2 + 101*h**2 + 24*h + f - 204*h**2. What is the tens digit of p(11)?
3
Let x(d) = -d**3 + 4*d**2 + 2. Let j be x(4). Let z(g) = 20*g**3 - 2*g**2 - 22*g + 2 - 4 + 25*g. What is the tens digit of z(j)?
5
Let x = -9 + 12. Suppose l = x*l - 4. Suppose -4*w = 8, 0*w + 32 = 2*b + l*w. What is the tens digit of b?
1
Suppose -3*w = 6, 48773 = 3*j + 38*w - 42*w. What is the hundreds digit of j?
2
Let c be (-1 - 24)/((-2)/(-200)). Let l = c - -4066. What is the tens digit of l?
6
What is the thousands digit of (-1)/((-9)/48924) - -13?
5
Let n = -12053 + 19435. What is the hundreds digit of n?
3
What is the hundreds digit of 979804/21 + 12/(-216)*-12?
6
Suppose -5*h + 105 = 20. Suppose 918 + 5899 = h*x. What is the units digit of x?
1
Suppose 3*m = h - 3576, 5*h - 3*m - 17808 = -6*m. Suppose 0 = 8*x + x - h. Let u = -210 + x. What is the hundreds digit of u?
1
Let a(t) = 383*t - 2. Let i be a(1). Let l = 421 - 178. Let n = i - l. What is the tens digit of n?
3
Let f(p) = -p**3 + 12*p**2 + p - 16. Let x be f(12). Let d be (62/8)/((-1)/x). Let m = -9 + d. What is the units digit of m?
2
Let f be -4 + 31 + -4 - 1. Suppose -y + 5*t - 41 = f, -4*t + 96 = -2*y. What is the units digit of 8254/30 - y/(-285)?
5
Let j be (-62)/(-217) + (-7)/(98/(-360)). Suppose 19*r = j*r - 4851. What is the tens digit of r?
9
Suppose 203*f - 332878 = 141*f. What is the units digit of f?
9
Suppose 5*g + 202 = n, 4*n + 2 = -10. Suppose -2*c = -36 - 286. Let z = c + g. What is the tens digit of z?
2
Let q(a) = -29*a - 42. Let m be q(12). Let v be (-59)/5 - (-2)/(-10). What is the units digit of (4/v)/(2/m)?
5
Suppose 3*h + 16*h - 19 = 0. What is the tens digit of (314/4 - h/(-2)) + -3?
7
Suppose -6*d - 65 = -329. Suppose 5*k - 3*x = -70, -2*k + 2*x - d = 4*x. Let m(q) = -2*q - 19. What is the units digit of m(k)?
5
Let o(y) = -5590*y - 409. What is the tens digit of o(-2)?
7
Let k be 1394/(-4) - (-10)/(-4). Let i = -254 - k. What is the units digit of i?
7
Suppose -12042 = -80*z + 98*z. Let j = 824 - z. What is the thousands digit of j?
1
Let s(i) be the third derivative of 3*i**2 + 1/2*i**4 + 1/20*i**5 + 3*i**3 + 0*i + 0. What is the units digit of s(-7)?
1
Suppose c = 167*c - 1679090. What is the hundreds digit of c?
1
Let o(a) = 7722*a**2 - 21*a + 3. What is the units digit of o(1)?
4
Let l(f) = 3*f**3 - 8*f**2 + 57*f - 281. What is the tens digit of l(11)?
7
Let l(x) = x**2 + x + 5. Suppose 0 = 4*h + o - 13, -h - 9 = 3*o - 4. Let u be (84/22 - h) + 136/22. What is the tens digit of l(u)?
4
Suppose 4*m = -3*b + 163381 - 60952, 0 = 5*b + 4*m - 170731. What is the ten thousands digit of b?
3
Suppose 23*s + 10*s + 2145 = -6*s. Let w = 308 + -144. Let i = s + w. What is the units digit of i?
9
Suppose v + 246*f - 249*f = 3132, v - 3135 = 2*f. What is the hundreds digit of v?
1
Suppose 0 = -22*m + 7*m + 2*m + 103649. What is the tens digit of m?
7
Let g = 710 - -1568. Suppose 5*d - 24*m + 22*m = g, -20 = 5*m. What is the